 of q.
2, 3
Let s be 12*(350/11 + 4/22). List the prime factors of s*(3/10 + (-11)/(-55)).
2, 3
Suppose 464*t = 433*t + 387190. List the prime factors of t.
2, 5, 1249
Let j(k) = -k**3 - 9*k**2 - 18*k - 4. Let z be j(-6). Let a be -19 - -20 - (z + 0 + 2). List the prime factors of a/24*4*1*222.
3, 37
Let n be 15/25*15 + -8. List the prime factors of (-1532 + 22)*(n - -2)/(-6).
5, 151
Let b be 5/15 - (2 - 94/6). List the prime factors of ((-5238)/(-63))/(3/b).
2, 97
Suppose 0 = -3*h - v - 3*v + 221, 0 = -5*h - 4*v + 363. Suppose -3*b - 5 = -h. Let k = 45 + b. What are the prime factors of k?
67
Let q = -730 + 793. Let f = 1777 + q. What are the prime factors of f?
2, 5, 23
Let p(h) = 8*h - 7. Let v(q) = 16*q**2 - 12*q**2 - 2*q**2 + 12 - 13*q. Let d be v(6). List the prime factors of p(d).
41
Let s(z) = -13*z + 45. Let c(i) = 19*i - 67. Let q(a) = -5*c(a) - 8*s(a). Let y be q(28). Let k = 353 - y. List the prime factors of k.
2, 3, 7
Let j(s) = 40*s - 121. Let g be j(4). Suppose 3*z = 5*x - 4096, z = x - 859 + g. What are the prime factors of x?
2, 409
Let t be 3336/14 + (-4)/14. Let l = -2656 + 2554. Let o = l + t. What are the prime factors of o?
2, 17
Suppose -8*p + 13*p - 20 = 0. Suppose -s = -p*a - 119 + 476, 3*a - 254 = -2*s. List the prime factors of a.
2, 11
Let l = 104 - 61. Let v be (-114)/(1 + -3) - 2. Let s = v + l. What are the prime factors of s?
2, 7
Suppose -334 + 134 = 237*j + 748. Let s(w) = -57*w + 40. Let k(r) = 799*r - 561. Let l(x) = 6*k(x) + 85*s(x). What are the prime factors of l(j)?
2, 7, 17
Let l = -695 - -703. Suppose 0 = -3*q - 12, -l*q = -o - 9*q + 1456. What are the prime factors of o?
2, 5, 73
Let t = -622 - -3448. Suppose -18*u + t = -15*u. What are the prime factors of u?
2, 3, 157
Let m = 110 - 239. Let f = m + 131. What are the prime factors of 554/4 - f/4?
2, 3, 23
Suppose -2114*k + 2109*k + 31940 = -4*w, -4*k - 3*w + 25552 = 0. List the prime factors of k.
2, 1597
Let n = -416 + 281. Let j = 191 + n. List the prime factors of j.
2, 7
Let y = -11999 + 12305. List the prime factors of y.
2, 3, 17
Suppose -w + 3316 - 11560 = -10*a, -a = 3*w - 812. What are the prime factors of a?
2, 103
Suppose 2*u - 56 = h, 3*u - 131 = -4*h - 36. Let g = -29 + u. Suppose -2*f + g*f = -2, -b - 2*f = -260. What are the prime factors of b?
2, 3, 43
Suppose -82834 + 72307 = -73*v + 174017. What are the prime factors of v?
2, 79
Suppose -3*v = 13 - 25. Let j(i) = -93 - 2*i**3 - v*i + 51 + 41 + 4*i**2. List the prime factors of j(-4).
3, 23
Suppose 300582 = 4*m - 1294*s + 1296*s, 15 = 5*s. What are the prime factors of m?
2, 3, 31, 101
Suppose 18*n = 15*n + 1233. Suppose 80 = -n*w + 415*w. What are the prime factors of w/(-35) - 2154/(-21)?
2, 3, 17
Let o(u) = -45*u + 24. Let h be o(3). Let i = h + 127. What are the prime factors of i?
2
Suppose -5*k + 118 = 8*v - 4*v, 3*k = 2*v + 84. Let o be k - (1 - (3 + 0))*1. List the prime factors of 20/6*210/o.
5
Let r be (-26)/(-78)*(0 - 27). Let y(s) = 2*s**3 + 27*s**2 + 5*s - 30. List the prime factors of y(r).
2, 3, 109
Let z = 44593 - 30292. List the prime factors of z.
3, 7, 227
Let z = 53033 - 14585. What are the prime factors of z?
2, 3, 89
List the prime factors of -11 - -15 - 31/(-2*1/512).
2, 5, 397
Let o = 26307 + -18512. What are the prime factors of o?
5, 1559
Suppose -9*d = -d + 288. Let g be (-735)/4 - (-9)/d. What are the prime factors of (-5)/(5/(-3))*g/(-3)?
2, 23
Let q be 1/((-10)/6)*(-70)/7. Suppose 3*u - 2061 = 3*h, 2*h - q*h + 3462 = 5*u. List the prime factors of u.
2, 3, 5, 23
Suppose -p + 4653 = -10*p. Let x = p - -1294. What are the prime factors of x?
3, 7, 37
Suppose -4*f + 2*s - 24 = -90, 2*s = 3*f - 50. Suppose -2*y - 2*p + f = 0, -y + 24 = 4*y + p. Suppose -y*d + 340 + 104 = 0. What are the prime factors of d?
3, 37
Let k(q) = -q**3 + 13*q**2 - 11*q - 11. Let t be k(12). Let v be t + -2 + (-12)/(-2). Suppose v*m - y - 25 = 45, 0 = -5*y. What are the prime factors of m?
2, 7
Suppose 0 = q - z + 6 - 3, -3*z = -5*q - 9. Suppose 3*k - 630 - 39 = q. Suppose 5*c = 3*d - k, 0 = -2*d - c + 89 + 64. What are the prime factors of d?
2, 19
Let w(l) = 5*l**2 + 139*l - 335. Let g(b) = -2*b**2 - 47*b + 112. Let d(n) = 8*g(n) + 3*w(n). List the prime factors of d(37).
3, 13
Let n be 8*(-3)/14 - 36/126. Let b(x) = -46*x**3 - x**2 + 4*x + 4. List the prime factors of b(n).
2, 3, 5
What are the prime factors of (-1373)/((-8)/(-16) + (-6)/8)?
2, 1373
Let i = 63106 + -33981. What are the prime factors of i?
5, 233
Let c(l) = l**3 + l**2 - 3*l + 313. Let i be c(0). Let g = 444 + i. What are the prime factors of g?
757
Let r(t) = -4*t + 1046. List the prime factors of r(-34).
2, 3, 197
Let p(n) be the third derivative of -n**6/120 - 7*n**5/30 + 5*n**4/6 + 5*n**3/3 + 19*n**2. Let x be p(-16). Let g = -73 + x. List the prime factors of g.
3, 43
Suppose 5*v = -3*l + 27694, -83*l = v - 85*l - 5544. List the prime factors of v.
2, 5, 277
Suppose -6*d + 9*d = -3*a + 15636, -5*d = -4*a - 26078. Suppose 16*z - 15982 = -d. What are the prime factors of z?
673
Let i be (66/55)/((-4)/(-30)). Let d be 3/i*(0 + 15). Suppose 2*t + 5*o = 78, 3*t + 68 = -d*o + 190. What are the prime factors of t?
2, 11
Suppose -7*c + 37 = 9. List the prime factors of (1081/c)/1 + 372/496.
271
Suppose 271 = 2*z + 3*x - 11295, 0 = 4*z - x - 23160. What are the prime factors of z?
7, 827
List the prime factors of 19638/(-72)*-8 + (-7)/(3 - 4).
11, 199
Suppose -2*d + 2*m + 24 = 0, 9*m = -5*d + 4*m + 10. Suppose d*o - 3046 = 8875. What are the prime factors of o?
13, 131
Let l be 226/6*(-6)/(-1). Let f(z) = -9*z - 58. Let q be f(-7). Suppose -7*t = -q*b - 5*t + 1154, -b = -2*t - l. What are the prime factors of b?
2, 29
Let c(y) = -y**3 - 13*y**2 + 16*y + 21. Let s be c(-14). List the prime factors of 2/6*(6 + 862 + s).
7, 41
Let n(q) = 42512*q - 830. List the prime factors of n(1).
2, 3, 6947
Let a(p) = 2*p**3 + p**2 + 8*p - 22. Let s be a(4). Suppose 0 = 4*v - 9*v + 5*b + 160, 5*v - s = 2*b. What are the prime factors of v?
2, 3, 5
List the prime factors of (-17 - (-23 + 1)) + (-40)/(-3 + 2).
3, 5
Let y = -18044 - -31627. List the prime factors of y.
17, 47
Suppose 0 = t - y + 3*y - 9, 5*t + y - 45 = 0. Let o = t - 17. Let z(q) = -31*q - 19. What are the prime factors of z(o)?
229
Suppose 0 = 2594*a - 2602*a + 24. Let v(u) = 56*u**2 - 22*u + 67. List the prime factors of v(a).
5, 101
Let i be (-3)/(-5) + (-4)/(60/9). Suppose -b - 4*b + 580 = i. List the prime factors of b.
2, 29
Suppose 3551 = 3*h + 6*h - 329026. What are the prime factors of h?
7, 5279
Suppose 3*g + 2*i + 1507 = 0, i + 207 - 1207 = 2*g. List the prime factors of (g/6)/((-6)/(-48)*-2).
2, 167
Let v be (12/(-10))/((-108)/360). Let u = v + 130. What are the prime factors of u?
2, 67
Let f = 6399 + 10726. List the prime factors of f.
5, 137
Let w = 3294 - 2014. Suppose -4*d = -8*d + w. What are the prime factors of d?
2, 5
List the prime factors of -21 + 23 - (2/(-4) + (-3221)/2).
1613
What are the prime factors of (-208)/(-16) - (-4830 + 1)?
2, 3, 269
Let v = -381 - -542. Let b be (236/(-295))/((-1)/(-140)). Let s = b + v. List the prime factors of s.
7
Let a(u) = -1573*u - 57. Let f be a(-3). Suppose 13*q - 12407 = f. What are the prime factors of q?
13, 101
Suppose -37*q + 200606 = 61*q. What are the prime factors of q?
23, 89
List the prime factors of 9*16/288 + (-30466)/(-4).
3, 2539
Suppose 104*h - 107*h + 51 = 0. Let x(s) = s**2 + 32*s - 23. List the prime factors of x(h).
2, 3, 5
Suppose 4*u + 52 + 3 = 5*t, -t - 18 = 5*u. Suppose 2312 = t*m - 670. What are the prime factors of m?
2, 3, 71
Let y be ((-7)/(-2))/((-4)/(-120)*5). Suppose -y*k + 13291 = 2434. What are the prime factors of k?
11, 47
Let a = -18149 + 25524. Suppose -5*u + 7325 = -5*y, -7*u + 2*u + a = 5*y. What are the prime factors of u?
2, 3, 5, 7
Let i(u) = -48*u + 41*u - 51*u + 9. What are the prime factors of i(-10)?
19, 31
Suppose 7*u - 4*k = 2*u - 6, -2*u - k + 8 = 0. Suppose -2 = u*m - 6, 4*n = -5*m + 690. List the prime factors of n.
2, 5, 17
Let m be ((-5)/((-30)/3318))/((-2)/(-2)). Suppose 2*p + 0*p = 5*d + m, p = 4*d + 272. List the prime factors of p.
2, 71
Suppose 5*d + 154 = -356. Let z = -35 - d. Suppose -113 = -3*m + z. What are the prime factors of m?
2, 3, 5
Let